What is the ten thousands digit of 65407?
6
What is the ten thousands digit of 21966?
2
What is the hundreds digit of 37930?
9
What is the thousands digit of 4614?
4
What is the tens digit of 90470?
7
What is the tens digit of 339?
3
What is the thousands digit of 2585?
2
What is the thousands digit of 2323?
2
What is the units digit of 40738?
8
What is the hundreds digit of 19407?
4
What is the units digit of 152827?
7
What is the hundreds digit of 513?
5
What is the hundreds digit of 7231?
2
What is the tens digit of 33702?
0
What is the tens digit of 19111?
1
What is the hundreds digit of 3852?
8
What is the hundreds digit of 8905?
9
What is the units digit of 7796?
6
What is the hundreds digit of 526?
5
What is the units digit of 1915?
5
What is the thousands digit of 39126?
9
What is the hundreds digit of 7644?
6
What is the hundreds digit of 103763?
7
What is the units digit of 307?
7
What is the thousands digit of 5198?
5
What is the hundreds digit of 3261?
2
What is the tens digit of 19613?
1
What is the thousands digit of 63876?
3
What is the units digit of 60043?
3
What is the ten thousands digit of 46787?
4
What is the thousands digit of 2893?
2
What is the units digit of 1580?
0
What is the hundreds digit of 4474?
4
What is the tens digit of 41371?
7
What is the tens digit of 14918?
1
What is the units digit of 6168?
8
What is the tens digit of 7666?
6
What is the ten thousands digit of 82058?
8
What is the tens digit of 1909?
0
What is the tens digit of 119?
1
What is the thousands digit of 3488?
3
What is the hundreds digit of 1624?
6
What is the tens digit of 1200?
0
What is the thousands digit of 5947?
5
What is the units digit of 2014?
4
What is the hundreds digit of 956?
9
What is the thousands digit of 78847?
8
What is the hundreds digit of 101257?
2
What is the hundreds digit of 351?
3
What is the tens digit of 26390?
9
What is the tens digit of 560?
6
What is the ten thousands digit of 140195?
4
What is the units digit of 1491?
1
What is the thousands digit of 1529?
1
What is the tens digit of 4109?
0
What is the hundreds digit of 1330?
3
What is the tens digit of 10520?
2
What is the ten thousands digit of 56582?
5
What is the hundreds digit of 539?
5
What is the tens digit of 24?
2
What is the tens digit of 12068?
6
What is the thousands digit of 18029?
8
What is the hundred thousands digit of 122323?
1
What is the hundreds digit of 135?
1
What is the hundreds digit of 46183?
1
What is the tens digit of 233?
3
What is the tens digit of 11097?
9
What is the units digit of 6445?
5
What is the tens digit of 930?
3
What is the units digit of 66696?
6
What is the units digit of 998?
8
What is the tens digit of 3261?
6
What is the thousands digit of 6274?
6
What is the units digit of 958?
8
What is the thousands digit of 2253?
2
What is the units digit of 14555?
5
What is the units digit of 4497?
7
What is the tens digit of 11600?
0
What is the thousands digit of 7704?
7
What is the ten thousands digit of 13689?
1
What is the tens digit of 484?
8
What is the tens digit of 91?
9
What is the units digit of 35?
5
What is the units digit of 64999?
9
What is the thousands digit of 4397?
4
What is the tens digit of 881?
8
What is the thousands digit of 1934?
1
What is the units digit of 873?
3
What is the thousands digit of 14450?
4
What is the units digit of 645?
5
What is the units digit of 23762?
2
What is the thousands digit of 99287?
9
What is the tens digit of 848?
4
What is the hundreds digit of 677?
6
What is the hundreds digit of 254?
2
What is the hundreds digit of 12298?
2
What is the thousands digit of 17129?
7
What is the tens digit of 1932?
3
What is the thousands digit of 39705?
9
What is the thousands digit of 70323?
0
What is the hundreds digit of 47975?
9
What is the tens digit of 6130?
3
What is the thousands digit of 4119?
4
What is the hundreds digit of 1540?
5
What is the tens digit of 2416?
1
What is the hundreds digit of 3992?
9
What is the tens digit of 15276?
7
What is the thousands digit of 6661?
6
What is the hundreds digit of 1177?
1
What is the units digit of 30012?
2
What is the thousands digit of 10345?
0
What is the units digit of 2817?
7
What is the units digit of 4370?
0
What is the thousands digit of 1312?
1
What is the hundreds digit of 2879?
8
What is the units digit of 41?
1
What is the hundreds digit of 472?
4
What is the thousands digit of 4500?
4
What is the thousands digit of 5619?
5
What is the ten thousands digit of 44007?
4
What is the tens digit of 97906?
0
What is the ten thousands digit of 40229?
4
What is the hundreds digit of 5294?
2
What is the units digit of 65342?
2
What is the thousands digit of 1136?
1
What is the thousands digit of 31830?
1
What is the units digit of 2835?
5
What is the tens digit of 1328?
2
What is the thousands digit of 1231?
1
What is the ten thousands digit of 45951?
4
What is the hundreds digit of 141269?
2
What is the units digit of 9003?
3
What is the units digit of 9870?
0
What is the units digit of 3868?
8
What is the thousands digit of 181359?
1
What is the thousands digit of 42958?
2
What is the tens digit of 999?
9
What is the tens digit of 21015?
1
What is the hundreds digit of 107561?
5
What is the units digit of 17437?
7
What is the thousands digit of 3308?
3
What is the units digit of 315?
5
What is the units digit of 370?
0
What is the hundreds digit of 851?
8
What is the hundreds digit of 1036?
0
What is the hundreds digit of 1790?
7
What is the units digit of 3075?
5
What is the tens digit of 2958?
5
What is the tens digit of 1968?
6
What is the hundreds digit of 8434?
4
What is the tens digit of 7158?
5
What is the tens digit of 399?
9
What is the thousands digit of 7777?
7
What is the thousands digit of 7634?
7
What is the thousands digit of 10599?
0
What is the tens digit of 502?
0
What is the thousands digit of 1110?
1
What is the thousands digit of 17192?
7
What is the thousands digit of 3816?
3
What is the units digit of 13970?
0
What is the units digit of 1552?
2
What is the thousands digit of 8556?
8
What is the units digit of 155780?
0
What is the hundreds digit of 2480?
4
What is the hundreds digit of 23943?
9
What is the tens digit of 349?
4
What is the thousands digit of 11898?
1
What is the units digit of 5802?
2
What is the tens digit of 11625?
2
What is the hundreds digit of 1933?
9
What is the tens digit of 16458?
5
What is the hundreds digit of 9754?
7
What is the hundreds digit of 88727?
7
What is the units digit of 5437?
7
What is the units digit of 383?
3
What is the units digit of 18135?
5
What is the hundreds digit of 455?
4
What is the units digit of 10525?
5
What is the hundreds digit of 861?
8
What is the thousands digit of 22688?
2
What is the tens digit of 13790?
9
What is the thousands digit of 14495?
4
What is the units digit of 1318?
8
What is the tens digit of 1406?
0
What is the ten thousands digit of 66864?
6
What is the hundreds digit of 16615?
6
What is the units digit of 84533?
3
What is the tens digit of 82333?
3
What is the tens digit of 11515?
1
What is the ten thousands digit of 41063?
4
What is the ten thousands digit of 11866?
1
What is the units digit of 743?
3
What is the units digit of 1179?
9
What is the ten thousands digit of 126714?
2
What is the tens digit of 15120?
2
What is the hundreds digit of 103978?
9
What is the thousands digit of 1642?
1
What is the tens digit of 25296?
9
What is the units digit of 6402?
2
What is the tens digit of 1100?
0
What is the thousands digit of 13024?
3
What is the hundreds digit of 53531?
5
What is the thousands digit of 5455?
5
What is the units digit of 5714?
4
What is the thousands digit of 1128?
1
What is the units digit of 110243?
3
What is the units digit of 96?
6
What is the hundreds digit of 543?
5
What is the units digit of 8160?
0
What is the tens digit of 41633?
3
What is the hundreds digit of 45936?
9
What is the thousands digit of 74833?
4
What is the hundred thousands digit of 116330?
1
What is the tens digit of 854?
5
What is the thousands digit of 10857?
0
What is the ten thousands digit of 16789?
1
What is the units digit of 745?
5
What is the hundreds digit of 1308?
3
What is the hundreds digit of 116?
1
What is the units digit of 17860